Last updated on 2020-08-19 01:50:04 CEST.
Flavor | Version | Tinstall | Tcheck | Ttotal | Status | Flags |
---|---|---|---|---|---|---|
r-devel-linux-x86_64-debian-clang | 1.5 | 7.82 | 51.92 | 59.74 | OK | |
r-devel-linux-x86_64-debian-gcc | 1.5 | 6.41 | 39.86 | 46.27 | OK | |
r-devel-linux-x86_64-fedora-clang | 1.5 | 77.93 | NOTE | |||
r-devel-linux-x86_64-fedora-gcc | 1.5 | 69.00 | OK | |||
r-devel-windows-ix86+x86_64 | 1.5 | 26.00 | 68.00 | 94.00 | NOTE | |
r-patched-linux-x86_64 | 1.5 | 7.00 | 50.53 | 57.53 | OK | |
r-patched-solaris-x86 | 1.5 | 106.60 | NOTE | |||
r-release-linux-x86_64 | 1.5 | 6.46 | 50.75 | 57.21 | OK | |
r-release-macos-x86_64 | 1.5 | NOTE | ||||
r-release-windows-ix86+x86_64 | 1.5 | 33.00 | 68.00 | 101.00 | NOTE | |
r-oldrel-macos-x86_64 | 1.5 | NOTE | ||||
r-oldrel-windows-ix86+x86_64 | 1.5 | 15.00 | 70.00 | 85.00 | NOTE |
Version: 1.5
Check: installed package size
Result: NOTE
installed size is 5.9Mb
sub-directories of 1Mb or more:
app 4.3Mb
data 1.6Mb
Flavors: r-devel-linux-x86_64-fedora-clang, r-devel-windows-ix86+x86_64, r-patched-solaris-x86, r-release-macos-x86_64, r-release-windows-ix86+x86_64, r-oldrel-macos-x86_64, r-oldrel-windows-ix86+x86_64