Last updated on 2020-08-19 01:50:03 CEST.
Flavor | Version | Tinstall | Tcheck | Ttotal | Status | Flags |
---|---|---|---|---|---|---|
r-devel-linux-x86_64-debian-clang | 0.2.3 | 3.08 | 37.51 | 40.59 | OK | |
r-devel-linux-x86_64-debian-gcc | 0.2.3 | 2.39 | 29.15 | 31.54 | OK | |
r-devel-linux-x86_64-fedora-clang | 0.2.3 | 57.19 | NOTE | |||
r-devel-linux-x86_64-fedora-gcc | 0.2.3 | 47.85 | OK | |||
r-devel-windows-ix86+x86_64 | 0.2.3 | 12.00 | 89.00 | 101.00 | OK | |
r-patched-linux-x86_64 | 0.2.3 | 2.80 | 36.88 | 39.68 | OK | |
r-patched-solaris-x86 | 0.2.3 | 77.10 | OK | |||
r-release-linux-x86_64 | 0.2.3 | 3.04 | 36.98 | 40.02 | OK | |
r-release-macos-x86_64 | 0.2.3 | OK | ||||
r-release-windows-ix86+x86_64 | 0.2.3 | 14.00 | 87.00 | 101.00 | OK | |
r-oldrel-macos-x86_64 | 0.2.3 | OK | ||||
r-oldrel-windows-ix86+x86_64 | 0.2.3 | 7.00 | 104.00 | 111.00 | OK |
Version: 0.2.3
Check: Rd cross-references
Result: NOTE
Undeclared packages ‘bmp’, ‘jpeg’, ‘png’, ‘tiff’ in Rd xrefs
Flavor: r-devel-linux-x86_64-fedora-clang