CRAN Package Check Results for Package imagerExtra

Last updated on 2020-08-19 01:50:03 CEST.

Flavor Version Tinstall Tcheck Ttotal Status Flags
r-devel-linux-x86_64-debian-clang 1.3.2 101.71 68.82 170.53 OK
r-devel-linux-x86_64-debian-gcc 1.3.2 64.51 55.63 120.14 OK
r-devel-linux-x86_64-fedora-clang 1.3.2 232.11 OK
r-devel-linux-x86_64-fedora-gcc 1.3.2 203.86 OK
r-devel-windows-ix86+x86_64 1.3.2 235.00 153.00 388.00 OK
r-patched-linux-x86_64 1.3.2 67.10 70.02 137.12 OK
r-patched-solaris-x86 1.3.2 223.30 NOTE
r-release-linux-x86_64 1.3.2 67.13 70.29 137.42 OK
r-release-macos-x86_64 1.3.2 OK
r-release-windows-ix86+x86_64 1.3.2 225.00 134.00 359.00 OK
r-oldrel-macos-x86_64 1.3.2 OK
r-oldrel-windows-ix86+x86_64 1.3.2 174.00 197.00 371.00 OK

Check Details

Version: 1.3.2
Check: package dependencies
Result: NOTE
    Package suggested but not available for checking: ‘tesseract’
Flavor: r-patched-solaris-x86