Last updated on 2020-08-19 01:50:03 CEST.
Flavor | Version | Tinstall | Tcheck | Ttotal | Status | Flags |
---|---|---|---|---|---|---|
r-devel-linux-x86_64-debian-clang | 0.1.0 | 4.43 | 35.35 | 39.78 | OK | |
r-devel-linux-x86_64-debian-gcc | 0.1.0 | 3.42 | 27.47 | 30.89 | OK | |
r-devel-linux-x86_64-fedora-clang | 0.1.0 | 55.62 | NOTE | |||
r-devel-linux-x86_64-fedora-gcc | 0.1.0 | 46.50 | NOTE | |||
r-devel-windows-ix86+x86_64 | 0.1.0 | 17.00 | 56.00 | 73.00 | OK | |
r-patched-linux-x86_64 | 0.1.0 | 3.87 | 34.62 | 38.49 | OK | |
r-patched-solaris-x86 | 0.1.0 | 70.20 | NOTE | |||
r-release-linux-x86_64 | 0.1.0 | 4.33 | 34.78 | 39.11 | OK | |
r-release-macos-x86_64 | 0.1.0 | NOTE | ||||
r-release-windows-ix86+x86_64 | 0.1.0 | 21.00 | 48.00 | 69.00 | OK | |
r-oldrel-macos-x86_64 | 0.1.0 | NOTE | ||||
r-oldrel-windows-ix86+x86_64 | 0.1.0 | 11.00 | 73.00 | 84.00 | OK |
Version: 0.1.0
Check: dependencies in R code
Result: NOTE
Namespace in Imports field not imported from: ‘knitr’
All declared Imports should be used.
Flavors: r-devel-linux-x86_64-fedora-clang, r-devel-linux-x86_64-fedora-gcc, r-patched-solaris-x86, r-release-macos-x86_64, r-oldrel-macos-x86_64