CRAN Package Check Results for Package iml

Last updated on 2020-08-19 01:50:03 CEST.

Flavor Version Tinstall Tcheck Ttotal Status Flags
r-devel-linux-x86_64-debian-clang 0.10.0 13.59 388.21 401.80 OK
r-devel-linux-x86_64-debian-gcc 0.10.0 12.74 255.40 268.14 OK
r-devel-linux-x86_64-fedora-clang 0.10.0 435.32 NOTE
r-devel-linux-x86_64-fedora-gcc 0.10.0 392.11 NOTE
r-devel-windows-ix86+x86_64 0.10.0 37.00 330.00 367.00 OK
r-patched-linux-x86_64 0.10.0 16.64 317.51 334.15 OK
r-patched-solaris-x86 0.10.0 594.10 NOTE
r-release-linux-x86_64 0.10.0 14.94 316.70 331.64 OK
r-release-macos-x86_64 0.10.0 NOTE
r-release-windows-ix86+x86_64 0.10.0 37.00 311.00 348.00 OK
r-oldrel-macos-x86_64 0.10.0 NOTE
r-oldrel-windows-ix86+x86_64 0.10.0 22.00 304.00 326.00 OK

Check Details

Version: 0.10.0
Check: dependencies in R code
Result: NOTE
    Namespace in Imports field not imported from: ‘future’
     All declared Imports should be used.
Flavors: r-devel-linux-x86_64-fedora-clang, r-devel-linux-x86_64-fedora-gcc, r-patched-solaris-x86, r-release-macos-x86_64, r-oldrel-macos-x86_64