Last updated on 2020-08-19 01:50:03 CEST.
Flavor | Version | Tinstall | Tcheck | Ttotal | Status | Flags |
---|---|---|---|---|---|---|
r-devel-linux-x86_64-debian-clang | 2.2 | 4.05 | 41.30 | 45.35 | OK | |
r-devel-linux-x86_64-debian-gcc | 2.2 | 2.84 | 32.16 | 35.00 | OK | |
r-devel-linux-x86_64-fedora-clang | 2.2 | 62.62 | OK | |||
r-devel-linux-x86_64-fedora-gcc | 2.2 | 51.81 | OK | |||
r-devel-windows-ix86+x86_64 | 2.2 | 11.00 | 66.00 | 77.00 | OK | |
r-patched-linux-x86_64 | 2.2 | 4.22 | 40.44 | 44.66 | OK | |
r-patched-solaris-x86 | 2.2 | 87.00 | OK | |||
r-release-linux-x86_64 | 2.2 | 4.19 | 40.56 | 44.75 | OK | |
r-release-macos-x86_64 | 2.2 | NOTE | ||||
r-release-windows-ix86+x86_64 | 2.2 | 13.00 | 59.00 | 72.00 | OK | |
r-oldrel-macos-x86_64 | 2.2 | OK | ||||
r-oldrel-windows-ix86+x86_64 | 2.2 | 7.00 | 55.00 | 62.00 | OK |
Version: 2.2
Check: package dependencies
Result: NOTE
Package suggested but not available for checking: ‘ridge’
Flavor: r-release-macos-x86_64
Version: 2.2
Check: Rd cross-references
Result: NOTE
Package unavailable to check Rd xrefs: ‘ridge’
Flavor: r-release-macos-x86_64