CRAN Package Check Results for Package imputeTS

Last updated on 2020-08-19 01:50:03 CEST.

Flavor Version Tinstall Tcheck Ttotal Status Flags
r-devel-linux-x86_64-debian-clang 3.1 36.64 170.09 206.73 OK
r-devel-linux-x86_64-debian-gcc 3.1 26.66 120.78 147.44 OK
r-devel-linux-x86_64-fedora-clang 3.1 259.52 NOTE
r-devel-linux-x86_64-fedora-gcc 3.1 246.06 NOTE
r-devel-windows-ix86+x86_64 3.1 93.00 331.00 424.00 NOTE
r-patched-linux-x86_64 3.1 21.24 164.05 185.29 OK
r-patched-solaris-x86 3.1 341.50 NOTE
r-release-linux-x86_64 3.1 23.34 166.75 190.09 OK
r-release-macos-x86_64 3.1 NOTE
r-release-windows-ix86+x86_64 3.1 101.00 293.00 394.00 NOTE
r-oldrel-macos-x86_64 3.1 NOTE
r-oldrel-windows-ix86+x86_64 3.1 69.00 315.00 384.00 NOTE

Check Details

Version: 3.1
Check: dependencies in R code
Result: NOTE
    Namespace in Imports field not imported from: ‘utils’
     All declared Imports should be used.
Flavors: r-devel-linux-x86_64-fedora-clang, r-devel-linux-x86_64-fedora-gcc, r-patched-solaris-x86, r-release-macos-x86_64, r-oldrel-macos-x86_64

Version: 3.1
Check: installed package size
Result: NOTE
     installed size is 5.5Mb
     sub-directories of 1Mb or more:
     data 1.3Mb
     doc 1.1Mb
     libs 2.1Mb
Flavors: r-devel-windows-ix86+x86_64, r-release-windows-ix86+x86_64, r-oldrel-windows-ix86+x86_64