CRAN Package Check Results for Package infraFDTD.assist

Last updated on 2020-08-19 01:50:04 CEST.

Flavor Version Tinstall Tcheck Ttotal Status Flags
r-devel-linux-x86_64-debian-clang 0.6 2.78 22.70 25.48 NOTE
r-devel-linux-x86_64-debian-gcc 0.6 2.08 17.84 19.92 NOTE
r-devel-linux-x86_64-fedora-clang 0.6 39.29 NOTE
r-devel-linux-x86_64-fedora-gcc 0.6 29.65 NOTE
r-devel-windows-ix86+x86_64 0.6 7.00 40.00 47.00 OK
r-patched-linux-x86_64 0.6 2.57 22.45 25.02 NOTE
r-patched-solaris-x86 0.6 43.70 NOTE
r-release-linux-x86_64 0.6 2.86 22.66 25.52 NOTE
r-release-macos-x86_64 0.6 OK
r-release-windows-ix86+x86_64 0.6 7.00 35.00 42.00 OK
r-oldrel-macos-x86_64 0.6 OK
r-oldrel-windows-ix86+x86_64 0.6 5.00 43.00 48.00 OK

Check Details

Version: 0.6
Check: for non-standard things in the check directory
Result: NOTE
    Found the following files/directories:
     'c.txt' 'rho.txt' 'sta.txt' 'topo.txt'
Flavors: r-devel-linux-x86_64-debian-clang, r-devel-linux-x86_64-debian-gcc, r-devel-linux-x86_64-fedora-clang, r-devel-linux-x86_64-fedora-gcc, r-patched-linux-x86_64, r-patched-solaris-x86, r-release-linux-x86_64