CRAN Package Check Results for Package inlabru

Last updated on 2020-08-19 01:50:04 CEST.

Flavor Version Tinstall Tcheck Ttotal Status Flags
r-devel-linux-x86_64-debian-clang 2.1.13 16.36 133.63 149.99 NOTE
r-devel-linux-x86_64-debian-gcc 2.1.13 13.35 99.00 112.35 NOTE
r-devel-linux-x86_64-fedora-clang 2.1.13 177.96 OK
r-devel-linux-x86_64-fedora-gcc 2.1.13 166.48 OK
r-devel-windows-ix86+x86_64 2.1.13 45.00 161.00 206.00 OK
r-patched-linux-x86_64 2.1.13 14.67 128.96 143.63 NOTE
r-patched-solaris-x86 2.1.13 240.20 NOTE
r-release-linux-x86_64 2.1.13 13.68 129.23 142.91 NOTE
r-release-macos-x86_64 2.1.13 NOTE
r-release-windows-ix86+x86_64 2.1.13 42.00 146.00 188.00 OK
r-oldrel-macos-x86_64 2.1.13 NOTE
r-oldrel-windows-ix86+x86_64 2.1.13 29.00 135.00 164.00 OK

Check Details

Version: 2.1.13
Check: package dependencies
Result: NOTE
    Package suggested but not available for checking: 'INLA'
Flavors: r-devel-linux-x86_64-debian-clang, r-devel-linux-x86_64-debian-gcc, r-patched-linux-x86_64, r-patched-solaris-x86, r-release-linux-x86_64, r-release-macos-x86_64, r-oldrel-macos-x86_64

Version: 2.1.13
Check: Rd cross-references
Result: NOTE
    Package unavailable to check Rd xrefs: 'INLA'
Flavors: r-devel-linux-x86_64-debian-clang, r-devel-linux-x86_64-debian-gcc, r-patched-linux-x86_64, r-patched-solaris-x86, r-release-linux-x86_64, r-release-macos-x86_64, r-oldrel-macos-x86_64

Version: 2.1.13
Check: dependencies in R code
Result: NOTE
    No protocol specified
Flavor: r-oldrel-macos-x86_64