Last updated on 2020-08-19 01:50:04 CEST.
Flavor | Version | Tinstall | Tcheck | Ttotal | Status | Flags |
---|---|---|---|---|---|---|
r-devel-linux-x86_64-debian-clang | 0.6.1 | 45.29 | 44.88 | 90.17 | OK | |
r-devel-linux-x86_64-debian-gcc | 0.6.1 | 36.03 | 35.12 | 71.15 | OK | |
r-devel-linux-x86_64-fedora-clang | 0.6.1 | 128.94 | NOTE | |||
r-devel-linux-x86_64-fedora-gcc | 0.6.1 | 115.79 | NOTE | |||
r-devel-windows-ix86+x86_64 | 0.6.1 | 134.00 | 108.00 | 242.00 | OK | |
r-patched-linux-x86_64 | 0.6.1 | 38.19 | 43.77 | 81.96 | OK | |
r-release-linux-x86_64 | 0.6.1 | 37.07 | 44.55 | 81.62 | OK | |
r-release-macos-x86_64 | 0.6.1 | NOTE | ||||
r-release-windows-ix86+x86_64 | 0.6.1 | 139.00 | 94.00 | 233.00 | OK | |
r-oldrel-macos-x86_64 | 0.6.1 | NOTE | ||||
r-oldrel-windows-ix86+x86_64 | 0.6.1 | 100.00 | 120.00 | 220.00 | OK |
Version: 0.6.1
Check: data for non-ASCII characters
Result: NOTE
Note: found 12 marked UTF-8 strings
Flavors: r-devel-linux-x86_64-fedora-clang, r-devel-linux-x86_64-fedora-gcc, r-release-macos-x86_64, r-oldrel-macos-x86_64