Last updated on 2020-08-19 01:50:04 CEST.
Flavor | Version | Tinstall | Tcheck | Ttotal | Status | Flags |
---|---|---|---|---|---|---|
r-devel-linux-x86_64-debian-clang | 1.3 | 57.81 | 27.93 | 85.74 | OK | |
r-devel-linux-x86_64-debian-gcc | 1.3 | 43.55 | 22.30 | 65.85 | OK | |
r-devel-linux-x86_64-fedora-clang | 1.3 | 124.07 | OK | |||
r-devel-linux-x86_64-fedora-gcc | 1.3 | 112.16 | OK | |||
r-devel-windows-ix86+x86_64 | 1.3 | 155.00 | 73.00 | 228.00 | OK | |
r-patched-linux-x86_64 | 1.3 | 46.79 | 27.91 | 74.70 | OK | |
r-patched-solaris-x86 | 1.3 | 116.50 | OK | |||
r-release-linux-x86_64 | 1.3 | 46.20 | 28.00 | 74.20 | OK | |
r-release-macos-x86_64 | 1.3 | OK | ||||
r-release-windows-ix86+x86_64 | 1.3 | 147.00 | 59.00 | 206.00 | OK | |
r-oldrel-macos-x86_64 | 1.3 | ERROR | ||||
r-oldrel-windows-ix86+x86_64 | 1.2 | 120.00 | 59.00 | 179.00 | OK |
Version: 1.3
Check: whether package can be installed
Result: ERROR
Installation failed.
Flavor: r-oldrel-macos-x86_64