Last updated on 2020-08-19 01:50:04 CEST.
Flavor | Version | Tinstall | Tcheck | Ttotal | Status | Flags |
---|---|---|---|---|---|---|
r-devel-linux-x86_64-debian-clang | 1.1.0 | 3.71 | 50.29 | 54.00 | OK | |
r-devel-linux-x86_64-debian-gcc | 1.1.0 | 2.94 | 41.61 | 44.55 | OK | |
r-devel-linux-x86_64-fedora-clang | 1.1.0 | 74.62 | NOTE | |||
r-devel-linux-x86_64-fedora-gcc | 1.1.0 | 66.14 | NOTE | |||
r-devel-windows-ix86+x86_64 | 1.1.0 | 22.00 | 71.00 | 93.00 | OK | |
r-patched-linux-x86_64 | 1.1.0 | 3.89 | 50.61 | 54.50 | OK | |
r-patched-solaris-x86 | 1.1.0 | 60.90 | OK | |||
r-release-linux-x86_64 | 1.1.0 | 3.93 | 50.89 | 54.82 | OK | |
r-release-macos-x86_64 | 1.1.0 | OK | ||||
r-release-windows-ix86+x86_64 | 1.1.0 | 18.00 | 59.00 | 77.00 | OK | |
r-oldrel-macos-x86_64 | 1.1.0 | OK | ||||
r-oldrel-windows-ix86+x86_64 | 1.1.0 | 12.00 | 76.00 | 88.00 | OK |
Version: 1.1.0
Check: top-level files
Result: NOTE
‘configure’: /bin/bash is not portable
Flavors: r-devel-linux-x86_64-fedora-clang, r-devel-linux-x86_64-fedora-gcc