CRAN Package Check Results for Package jsonify

Last updated on 2020-08-19 01:50:04 CEST.

Flavor Version Tinstall Tcheck Ttotal Status Flags
r-devel-linux-x86_64-debian-clang 1.2.1 78.89 30.17 109.06 OK
r-devel-linux-x86_64-debian-gcc 1.2.1 59.28 24.04 83.32 OK
r-devel-linux-x86_64-fedora-clang 1.2.1 161.84 NOTE
r-devel-linux-x86_64-fedora-gcc 1.2.1 142.30 OK
r-devel-windows-ix86+x86_64 1.2.1 182.00 88.00 270.00 OK
r-patched-linux-x86_64 1.2.1 61.73 30.70 92.43 OK
r-patched-solaris-x86 1.2.1 132.90 OK
r-release-linux-x86_64 1.2.1 62.15 30.66 92.81 OK
r-release-macos-x86_64 1.2.1 NOTE
r-release-windows-ix86+x86_64 1.2.1 184.00 71.00 255.00 OK
r-oldrel-macos-x86_64 1.2.1 NOTE
r-oldrel-windows-ix86+x86_64 1.2.1 161.00 75.00 236.00 OK

Check Details

Version: 1.2.1
Check: installed package size
Result: NOTE
     installed size is 7.5Mb
     sub-directories of 1Mb or more:
     doc 1.2Mb
     libs 6.0Mb
Flavors: r-devel-linux-x86_64-fedora-clang, r-release-macos-x86_64, r-oldrel-macos-x86_64