CRAN Package Check Results for Package kangar00

Last updated on 2020-08-19 01:50:04 CEST.

Flavor Version Tinstall Tcheck Ttotal Status Flags
r-devel-linux-x86_64-debian-clang 1.4 24.05 193.42 217.47 OK
r-devel-linux-x86_64-debian-gcc 1.4 19.51 143.27 162.78 OK
r-devel-linux-x86_64-fedora-clang 1.4 288.48 OK
r-devel-linux-x86_64-fedora-gcc 1.4 273.82 OK
r-devel-windows-ix86+x86_64 1.4 67.00 219.00 286.00 OK
r-patched-linux-x86_64 1.4 23.08 183.73 206.81 OK
r-patched-solaris-x86 1.4 388.30 OK
r-release-linux-x86_64 1.4 22.04 187.76 209.80 OK
r-release-macos-x86_64 1.4 ERROR
r-release-windows-ix86+x86_64 1.4 62.00 173.00 235.00 OK
r-oldrel-macos-x86_64 1.4 OK
r-oldrel-windows-ix86+x86_64 1.4 37.00 185.00 222.00 OK

Check Details

Version: 1.4
Check: package dependencies
Result: ERROR
    Package required but not available: ‘KEGGgraph’
    
    See section ‘The DESCRIPTION file’ in the ‘Writing R Extensions’
    manual.
Flavor: r-release-macos-x86_64