Last updated on 2020-08-19 01:50:04 CEST.
Flavor | Version | Tinstall | Tcheck | Ttotal | Status | Flags |
---|---|---|---|---|---|---|
r-devel-linux-x86_64-debian-clang | 0.1.0.2 | 11.90 | 99.03 | 110.93 | OK | |
r-devel-linux-x86_64-debian-gcc | 0.1.0.2 | 9.72 | 75.97 | 85.69 | OK | |
r-devel-linux-x86_64-fedora-clang | 0.1.0.2 | 143.78 | NOTE | |||
r-devel-linux-x86_64-fedora-gcc | 0.1.0.2 | 134.66 | NOTE | |||
r-devel-windows-ix86+x86_64 | 0.1.0.2 | 36.00 | 138.00 | 174.00 | OK | |
r-patched-linux-x86_64 | 0.1.0.2 | 10.29 | 95.78 | 106.07 | OK | |
r-patched-solaris-x86 | 0.1.0.2 | 196.60 | NOTE | |||
r-release-linux-x86_64 | 0.1.0.2 | 10.54 | 97.36 | 107.90 | OK | |
r-release-macos-x86_64 | 0.1.0.2 | NOTE | ||||
r-release-windows-ix86+x86_64 | 0.1.0.2 | 39.00 | 103.00 | 142.00 | OK | |
r-oldrel-macos-x86_64 | 0.1.0.2 | NOTE | ||||
r-oldrel-windows-ix86+x86_64 | 0.1.0.2 | 22.00 | 115.00 | 137.00 | OK |
Version: 0.1.0.2
Check: dependencies in R code
Result: NOTE
Namespace in Imports field not imported from: ‘keras’
All declared Imports should be used.
Flavors: r-devel-linux-x86_64-fedora-clang, r-devel-linux-x86_64-fedora-gcc, r-patched-solaris-x86, r-release-macos-x86_64, r-oldrel-macos-x86_64