CRAN Package Check Results for Package kernhaz

Last updated on 2020-08-19 01:50:04 CEST.

Flavor Version Tinstall Tcheck Ttotal Status Flags
r-devel-linux-x86_64-debian-clang 0.1.0 6.29 58.13 64.42 OK
r-devel-linux-x86_64-debian-gcc 0.1.0 5.44 45.30 50.74 OK
r-devel-linux-x86_64-fedora-clang 0.1.0 84.72 OK
r-devel-linux-x86_64-fedora-gcc 0.1.0 75.98 OK
r-devel-windows-ix86+x86_64 0.1.0 25.00 86.00 111.00 OK
r-patched-linux-x86_64 0.1.0 5.50 57.61 63.11 OK
r-patched-solaris-x86 0.1.0 123.80 OK
r-release-linux-x86_64 0.1.0 6.54 59.40 65.94 OK
r-release-macos-x86_64 0.1.0 OK
r-release-windows-ix86+x86_64 0.1.0 19.00 71.00 90.00 OK
r-oldrel-macos-x86_64 0.1.0 WARN
r-oldrel-windows-ix86+x86_64 0.1.0 12.00 95.00 107.00 OK

Check Details

Version: 0.1.0
Check: whether package can be installed
Result: WARN
    Found the following significant warnings:
     Warning: 'rgl_init' failed, running with rgl.useNULL = TRUE
Flavor: r-oldrel-macos-x86_64