CRAN Package Check Results for Package keyring

Last updated on 2020-08-19 01:50:04 CEST.

Flavor Version Tinstall Tcheck Ttotal Status Flags
r-devel-linux-x86_64-debian-clang 1.1.0 8.39 28.76 37.15 OK
r-devel-linux-x86_64-debian-gcc 1.1.0 7.74 22.73 30.47 OK
r-devel-linux-x86_64-fedora-clang 1.1.0 55.41 NOTE
r-devel-linux-x86_64-fedora-gcc 1.1.0 54.40 NOTE
r-devel-windows-ix86+x86_64 1.1.0 30.00 62.00 92.00 OK
r-patched-linux-x86_64 1.1.0 8.19 28.70 36.89 OK
r-patched-solaris-x86 1.1.0 62.40 OK
r-release-linux-x86_64 1.1.0 8.22 29.10 37.32 OK
r-release-macos-x86_64 1.1.0 OK
r-release-windows-ix86+x86_64 1.1.0 24.00 50.00 74.00 OK
r-oldrel-macos-x86_64 1.1.0 OK
r-oldrel-windows-ix86+x86_64 1.1.0 16.00 54.00 70.00 OK

Check Details

Version: 1.1.0
Check: top-level files
Result: NOTE
    ‘configure’: /bin/bash is not portable
Flavors: r-devel-linux-x86_64-fedora-clang, r-devel-linux-x86_64-fedora-gcc