Last updated on 2020-08-19 01:50:05 CEST.
Flavor | Version | Tinstall | Tcheck | Ttotal | Status | Flags |
---|---|---|---|---|---|---|
r-devel-linux-x86_64-debian-clang | 1.3.3 | 19.94 | 27.20 | 47.14 | NOTE | |
r-devel-linux-x86_64-debian-gcc | 1.3.3 | 13.14 | 21.37 | 34.51 | NOTE | |
r-devel-linux-x86_64-fedora-clang | 1.3.3 | 69.82 | NOTE | |||
r-devel-linux-x86_64-fedora-gcc | 1.3.3 | 56.30 | NOTE | |||
r-devel-windows-ix86+x86_64 | 1.3.3 | 61.00 | 74.00 | 135.00 | NOTE | |
r-patched-linux-x86_64 | 1.3.3 | 13.39 | 27.27 | 40.66 | NOTE | |
r-patched-solaris-x86 | 1.3.3 | 72.50 | NOTE | |||
r-release-linux-x86_64 | 1.3.3 | 14.19 | 26.75 | 40.94 | NOTE | |
r-release-macos-x86_64 | 1.3.3 | NOTE | ||||
r-release-windows-ix86+x86_64 | 1.3.3 | 56.00 | 60.00 | 116.00 | NOTE | |
r-oldrel-macos-x86_64 | 1.3.3 | NOTE | ||||
r-oldrel-windows-ix86+x86_64 | 1.3.3 | 40.00 | 64.00 | 104.00 | NOTE |
Version: 1.3.3
Check: for GNU extensions in Makefiles
Result: NOTE
GNU make is a SystemRequirements.
Flavors: r-devel-linux-x86_64-debian-clang, r-devel-linux-x86_64-debian-gcc, r-devel-linux-x86_64-fedora-clang, r-devel-linux-x86_64-fedora-gcc, r-devel-windows-ix86+x86_64, r-patched-linux-x86_64, r-patched-solaris-x86, r-release-linux-x86_64, r-release-macos-x86_64, r-release-windows-ix86+x86_64, r-oldrel-macos-x86_64, r-oldrel-windows-ix86+x86_64
Version: 1.3.3
Check: Rd cross-references
Result: NOTE
Undeclared package ‘gsl’ in Rd xrefs
Flavor: r-devel-linux-x86_64-fedora-clang