Last updated on 2020-08-19 01:50:05 CEST.
Flavor | Version | Tinstall | Tcheck | Ttotal | Status | Flags |
---|---|---|---|---|---|---|
r-devel-linux-x86_64-debian-clang | 1.0.1 | 97.51 | 153.07 | 250.58 | OK | |
r-devel-linux-x86_64-debian-gcc | 1.0.1 | 79.62 | 115.73 | 195.35 | OK | |
r-devel-linux-x86_64-fedora-clang | 1.0.1 | 336.92 | NOTE | |||
r-devel-linux-x86_64-fedora-gcc | 1.0.1 | 314.47 | OK | |||
r-devel-windows-ix86+x86_64 | 1.0.1 | 246.00 | 268.00 | 514.00 | NOTE | |
r-patched-linux-x86_64 | 1.0.1 | 83.69 | 149.24 | 232.93 | OK | |
r-patched-solaris-x86 | 1.0.1 | 348.00 | OK | |||
r-release-linux-x86_64 | 1.0.1 | 86.68 | 148.13 | 234.81 | OK | |
r-release-macos-x86_64 | 1.0.1 | NOTE | ||||
r-release-windows-ix86+x86_64 | 1.0.1 | 232.00 | 220.00 | 452.00 | NOTE | |
r-oldrel-macos-x86_64 | 1.0.1 | NOTE | ||||
r-oldrel-windows-ix86+x86_64 | 1.0.1 | 179.00 | 216.00 | 395.00 | OK |
Version: 1.0.1
Check: installed package size
Result: NOTE
installed size is 10.2Mb
sub-directories of 1Mb or more:
libs 7.9Mb
Flavors: r-devel-linux-x86_64-fedora-clang, r-devel-windows-ix86+x86_64, r-release-macos-x86_64, r-release-windows-ix86+x86_64, r-oldrel-macos-x86_64