CRAN Package Check Results for Package leafsync

Last updated on 2020-08-19 01:50:05 CEST.

Flavor Version Tinstall Tcheck Ttotal Status Flags
r-devel-linux-x86_64-debian-clang 0.1.0 2.30 20.20 22.50 OK
r-devel-linux-x86_64-debian-gcc 0.1.0 1.77 16.20 17.97 OK
r-devel-linux-x86_64-fedora-clang 0.1.0 35.31 NOTE
r-devel-linux-x86_64-fedora-gcc 0.1.0 25.76 NOTE
r-devel-windows-ix86+x86_64 0.1.0 12.00 40.00 52.00 OK
r-patched-linux-x86_64 0.1.0 2.18 19.79 21.97 OK
r-patched-solaris-x86 0.1.0 42.40 NOTE
r-release-linux-x86_64 0.1.0 2.34 19.78 22.12 OK
r-release-macos-x86_64 0.1.0 NOTE
r-release-windows-ix86+x86_64 0.1.0 8.00 32.00 40.00 OK
r-oldrel-macos-x86_64 0.1.0 NOTE
r-oldrel-windows-ix86+x86_64 0.1.0 4.00 34.00 38.00 OK

Check Details

Version: 0.1.0
Check: dependencies in R code
Result: NOTE
    Namespace in Imports field not imported from: ‘leaflet’
     All declared Imports should be used.
Flavors: r-devel-linux-x86_64-fedora-clang, r-devel-linux-x86_64-fedora-gcc, r-patched-solaris-x86, r-release-macos-x86_64, r-oldrel-macos-x86_64