Last updated on 2020-08-19 01:50:05 CEST.
Flavor | Version | Tinstall | Tcheck | Ttotal | Status | Flags |
---|---|---|---|---|---|---|
r-devel-linux-x86_64-debian-clang | 1.0.2 | 185.79 | 124.23 | 310.02 | OK | |
r-devel-linux-x86_64-debian-gcc | 1.0.2 | 129.24 | 101.35 | 230.59 | OK | |
r-devel-linux-x86_64-fedora-clang | 1.0.2 | 442.13 | NOTE | |||
r-devel-linux-x86_64-fedora-gcc | 1.0.2 | 393.04 | OK | |||
r-devel-windows-ix86+x86_64 | 1.0.2 | 450.00 | 206.00 | 656.00 | OK | |
r-patched-linux-x86_64 | 1.0.2 | 135.94 | 116.46 | 252.40 | OK | |
r-patched-solaris-x86 | 1.0.2 | 470.40 | OK | |||
r-release-linux-x86_64 | 1.0.2 | 140.03 | 117.70 | 257.73 | OK | |
r-release-macos-x86_64 | 1.0.2 | OK | ||||
r-release-windows-ix86+x86_64 | 1.0.2 | 445.00 | 177.00 | 622.00 | OK | |
r-oldrel-macos-x86_64 | 1.0.2 | OK | ||||
r-oldrel-windows-ix86+x86_64 | 1.0.2 | 349.00 | 195.00 | 544.00 | OK |
Version: 1.0.2
Check: installed package size
Result: NOTE
installed size is 5.8Mb
sub-directories of 1Mb or more:
libs 5.4Mb
Flavor: r-devel-linux-x86_64-fedora-clang