Last updated on 2020-08-19 01:50:05 CEST.
Flavor | Version | Tinstall | Tcheck | Ttotal | Status | Flags |
---|---|---|---|---|---|---|
r-devel-linux-x86_64-debian-clang | 0.2.0 | 2.37 | 23.07 | 25.44 | OK | |
r-devel-linux-x86_64-debian-gcc | 0.2.0 | 1.95 | 18.35 | 20.30 | OK | |
r-devel-linux-x86_64-fedora-clang | 0.2.0 | 39.94 | NOTE | |||
r-devel-linux-x86_64-fedora-gcc | 0.2.0 | 30.21 | NOTE | |||
r-devel-windows-ix86+x86_64 | 0.2.0 | 8.00 | 46.00 | 54.00 | OK | |
r-patched-linux-x86_64 | 0.2.0 | 2.45 | 23.28 | 25.73 | OK | |
r-patched-solaris-x86 | 0.2.0 | 48.40 | NOTE | |||
r-release-linux-x86_64 | 0.2.0 | 2.47 | 23.12 | 25.59 | OK | |
r-release-macos-x86_64 | 0.2.0 | NOTE | ||||
r-release-windows-ix86+x86_64 | 0.2.0 | 7.00 | 37.00 | 44.00 | OK | |
r-oldrel-macos-x86_64 | 0.2.0 | NOTE | ||||
r-oldrel-windows-ix86+x86_64 | 0.2.0 | 4.00 | 38.00 | 42.00 | OK |
Version: 0.2.0
Check: dependencies in R code
Result: NOTE
Namespaces in Imports field not imported from:
‘curl’ ‘jsonlite’
All declared Imports should be used.
Flavors: r-devel-linux-x86_64-fedora-clang, r-devel-linux-x86_64-fedora-gcc, r-patched-solaris-x86, r-release-macos-x86_64, r-oldrel-macos-x86_64