Last updated on 2020-08-19 01:50:05 CEST.
Flavor | Version | Tinstall | Tcheck | Ttotal | Status | Flags |
---|---|---|---|---|---|---|
r-devel-linux-x86_64-debian-clang | 1.1 | 3.61 | 26.65 | 30.26 | OK | |
r-devel-linux-x86_64-debian-gcc | 1.1 | 2.61 | 20.98 | 23.59 | OK | |
r-devel-linux-x86_64-fedora-clang | 1.1 | 45.03 | NOTE | |||
r-devel-linux-x86_64-fedora-gcc | 1.1 | 35.29 | NOTE | |||
r-devel-windows-ix86+x86_64 | 1.1 | 14.00 | 60.00 | 74.00 | OK | |
r-patched-linux-x86_64 | 1.1 | 3.20 | 26.26 | 29.46 | OK | |
r-patched-solaris-x86 | 1.1 | 57.50 | OK | |||
r-release-linux-x86_64 | 1.1 | 2.96 | 26.41 | 29.37 | OK | |
r-release-macos-x86_64 | 1.1 | OK | ||||
r-release-windows-ix86+x86_64 | 1.1 | 15.00 | 55.00 | 70.00 | OK | |
r-oldrel-macos-x86_64 | 1.1 | OK | ||||
r-oldrel-windows-ix86+x86_64 | 1.1 | 9.00 | 69.00 | 78.00 | OK |
Version: 1.1
Check: compiled code
Result: NOTE
File ‘loe/libs/loe.so’:
Found no calls to: ‘R_registerRoutines’, ‘R_useDynamicSymbols’
It is good practice to register native routines and to disable symbol
search.
See ‘Writing portable packages’ in the ‘Writing R Extensions’ manual.
Flavors: r-devel-linux-x86_64-fedora-clang, r-devel-linux-x86_64-fedora-gcc