CRAN Package Check Results for Package loon

Last updated on 2020-08-19 01:50:05 CEST.

Flavor Version Tinstall Tcheck Ttotal Status Flags
r-devel-linux-x86_64-debian-clang 1.3.1 21.53 114.58 136.11 OK
r-devel-linux-x86_64-debian-gcc 1.3.1 16.37 87.89 104.26 OK
r-devel-linux-x86_64-fedora-clang 1.3.1 173.41 OK
r-devel-linux-x86_64-fedora-gcc 1.3.1 163.90 OK
r-devel-windows-ix86+x86_64 1.3.1 51.00 149.00 200.00 OK
r-patched-linux-x86_64 1.3.1 20.11 114.95 135.06 OK
r-patched-solaris-x86 1.3.1 213.60 OK
r-release-linux-x86_64 1.3.1 21.79 115.43 137.22 OK
r-release-macos-x86_64 1.3.1 NOTE
r-release-windows-ix86+x86_64 1.3.1 41.00 132.00 173.00 OK
r-oldrel-macos-x86_64 1.3.1 NOTE
r-oldrel-windows-ix86+x86_64 1.3.1 27.00 136.00 163.00 OK

Check Details

Version: 1.3.1
Check: package dependencies
Result: NOTE
    Package suggested but not available for checking: ‘RDRToolbox’
Flavors: r-release-macos-x86_64, r-oldrel-macos-x86_64