CRAN Package Check Results for Package maps

Last updated on 2020-08-19 01:50:05 CEST.

Flavor Version Tinstall Tcheck Ttotal Status Flags
r-devel-linux-x86_64-debian-clang 3.3.0 9.16 36.10 45.26 OK
r-devel-linux-x86_64-debian-gcc 3.3.0 6.70 28.16 34.86 OK
r-devel-linux-x86_64-fedora-clang 3.3.0 62.22 OK
r-devel-linux-x86_64-fedora-gcc 3.3.0 52.21 OK
r-devel-windows-ix86+x86_64 3.3.0 49.00 75.00 124.00 OK
r-patched-linux-x86_64 3.3.0 8.09 35.72 43.81 OK
r-patched-solaris-x86 3.3.0 81.70 NOTE
r-release-linux-x86_64 3.3.0 7.87 36.03 43.90 OK
r-release-macos-x86_64 3.3.0 OK
r-release-windows-ix86+x86_64 3.3.0 38.00 64.00 102.00 OK
r-oldrel-macos-x86_64 3.3.0 OK
r-oldrel-windows-ix86+x86_64 3.3.0 51.00 67.00 118.00 OK

Check Details

Version: 3.3.0
Check: installed package size
Result: NOTE
     installed size is 5.3Mb
     sub-directories of 1Mb or more:
     mapdata 4.2Mb
Flavor: r-patched-solaris-x86