Last updated on 2020-08-19 01:50:05 CEST.
Flavor | Version | Tinstall | Tcheck | Ttotal | Status | Flags |
---|---|---|---|---|---|---|
r-devel-linux-x86_64-debian-clang | 0.1.1 | 3.68 | 20.06 | 23.74 | OK | |
r-devel-linux-x86_64-debian-gcc | 0.1.1 | 3.41 | 15.98 | 19.39 | OK | |
r-devel-linux-x86_64-fedora-clang | 0.1.1 | 37.45 | NOTE | |||
r-devel-linux-x86_64-fedora-gcc | 0.1.1 | 27.42 | NOTE | |||
r-devel-windows-ix86+x86_64 | 0.1.1 | 10.00 | 39.00 | 49.00 | OK | |
r-patched-linux-x86_64 | 0.1.1 | 4.08 | 19.71 | 23.79 | OK | |
r-patched-solaris-x86 | 0.1.1 | 44.80 | NOTE | |||
r-release-linux-x86_64 | 0.1.1 | 3.51 | 20.33 | 23.84 | OK | |
r-release-macos-x86_64 | 0.1.1 | NOTE | ||||
r-release-windows-ix86+x86_64 | 0.1.1 | 10.00 | 31.00 | 41.00 | OK | |
r-oldrel-macos-x86_64 | 0.1.1 | NOTE | ||||
r-oldrel-windows-ix86+x86_64 | 0.1.1 | 6.00 | 36.00 | 42.00 | OK |
Version: 0.1.1
Check: data for non-ASCII characters
Result: NOTE
Note: found 996 marked UTF-8 strings
Flavors: r-devel-linux-x86_64-fedora-clang, r-devel-linux-x86_64-fedora-gcc, r-patched-solaris-x86, r-release-macos-x86_64, r-oldrel-macos-x86_64