CRAN Package Check Results for Package mapsapi

Last updated on 2020-08-19 01:50:05 CEST.

Flavor Version Tinstall Tcheck Ttotal Status Flags
r-devel-linux-x86_64-debian-clang 0.4.6 5.71 88.98 94.69 OK
r-devel-linux-x86_64-debian-gcc 0.4.6 5.36 66.48 71.84 OK
r-devel-linux-x86_64-fedora-clang 0.4.6 122.27 NOTE
r-devel-linux-x86_64-fedora-gcc 0.4.6 111.51 NOTE
r-devel-windows-ix86+x86_64 0.4.6 22.00 118.00 140.00 OK
r-patched-linux-x86_64 0.4.6 5.83 86.96 92.79 OK
r-patched-solaris-x86 0.4.6 139.90 WARN
r-release-linux-x86_64 0.4.6 5.79 87.78 93.57 OK
r-release-macos-x86_64 0.4.6 WARN
r-release-windows-ix86+x86_64 0.4.6 23.00 101.00 124.00 OK
r-oldrel-macos-x86_64 0.4.6 WARN
r-oldrel-windows-ix86+x86_64 0.4.6 15.00 107.00 122.00 OK

Check Details

Version: 0.4.6
Check: data for non-ASCII characters
Result: NOTE
     Note: found 55 marked UTF-8 strings
Flavors: r-devel-linux-x86_64-fedora-clang, r-devel-linux-x86_64-fedora-gcc, r-patched-solaris-x86, r-release-macos-x86_64, r-oldrel-macos-x86_64

Version: 0.4.6
Check: re-building of vignette outputs
Result: WARN
    Error(s) in re-building vignettes:
     ...
    --- re-building ‘intro.Rmd’ using rmarkdown
    Warning in engine$weave(file, quiet = quiet, encoding = enc) :
     Pandoc (>= 1.12.3) and/or pandoc-citeproc not available. Falling back to R Markdown v1.
    Quitting from lines 114-119 (intro.Rmd)
    Error: processing vignette 'intro.Rmd' failed with diagnostics:
    there is no package called 'webshot'
    --- failed re-building ‘intro.Rmd’
    
    SUMMARY: processing the following file failed:
     ‘intro.Rmd’
    
    Error: Vignette re-building failed.
    Execution halted
Flavor: r-patched-solaris-x86

Version: 0.4.6
Check: re-building of vignette outputs
Result: WARN
    Error(s) in re-building vignettes:
     ...
    --- re-building ‘intro.Rmd’ using rmarkdown
    Warning in engine$weave(file, quiet = quiet, encoding = enc) :
     Pandoc (>= 1.12.3) and/or pandoc-citeproc not available. Falling back to R Markdown v1.
    Quitting from lines 114-119 (intro.Rmd)
    Error: processing vignette 'intro.Rmd' failed with diagnostics:
    cannot open the connection
    --- failed re-building ‘intro.Rmd’
    
    SUMMARY: processing the following file failed:
     ‘intro.Rmd’
    
    Error: Vignette re-building failed.
    Execution halted
Flavors: r-release-macos-x86_64, r-oldrel-macos-x86_64