CRAN Package Check Results for Package mashr

Last updated on 2020-08-19 01:50:06 CEST.

Flavor Version Tinstall Tcheck Ttotal Status Flags
r-devel-linux-x86_64-debian-clang 0.2.38 74.33 291.14 365.47 OK
r-devel-linux-x86_64-debian-gcc 0.2.38 51.84 204.20 256.04 OK
r-devel-linux-x86_64-fedora-clang 0.2.38 431.29 NOTE
r-devel-linux-x86_64-fedora-gcc 0.2.38 405.26 OK
r-devel-windows-ix86+x86_64 0.2.38 168.00 427.00 595.00 OK
r-patched-linux-x86_64 0.2.38 57.39 266.74 324.13 OK
r-patched-solaris-x86 0.2.38 590.20 NOTE
r-release-linux-x86_64 0.2.38 58.59 270.91 329.50 OK
r-release-macos-x86_64 0.2.38 NOTE
r-release-windows-ix86+x86_64 0.2.38 155.00 368.00 523.00 OK
r-oldrel-macos-x86_64 0.2.38 NOTE
r-oldrel-windows-ix86+x86_64 0.2.38 113.00 471.00 584.00 NOTE

Check Details

Version: 0.2.38
Check: installed package size
Result: NOTE
     installed size is 6.8Mb
     sub-directories of 1Mb or more:
     libs 5.9Mb
Flavors: r-devel-linux-x86_64-fedora-clang, r-release-macos-x86_64, r-oldrel-macos-x86_64

Version: 0.2.38
Check: package dependencies
Result: NOTE
    Package suggested but not available for checking: ‘REBayes’
Flavors: r-patched-solaris-x86, r-oldrel-windows-ix86+x86_64