Last updated on 2020-08-19 01:50:06 CEST.
Flavor | Version | Tinstall | Tcheck | Ttotal | Status | Flags |
---|---|---|---|---|---|---|
r-devel-linux-x86_64-debian-clang | 0.1.15 | 8.54 | 118.72 | 127.26 | NOTE | |
r-devel-linux-x86_64-debian-gcc | 0.1.15 | 8.02 | 88.18 | 96.20 | NOTE | |
r-devel-linux-x86_64-fedora-clang | 0.1.15 | 160.37 | NOTE | |||
r-devel-linux-x86_64-fedora-gcc | 0.1.15 | 149.32 | NOTE | |||
r-devel-windows-ix86+x86_64 | 0.1.15 | 32.00 | 145.00 | 177.00 | OK | |
r-patched-linux-x86_64 | 0.1.15 | 8.48 | 115.68 | 124.16 | NOTE | |
r-patched-solaris-x86 | 0.1.15 | 219.40 | NOTE | |||
r-release-linux-x86_64 | 0.1.15 | 10.24 | 119.19 | 129.43 | NOTE | |
r-release-macos-x86_64 | 0.1.15 | NOTE | ||||
r-release-windows-ix86+x86_64 | 0.1.15 | 32.00 | 116.00 | 148.00 | OK | |
r-oldrel-macos-x86_64 | 0.1.15 | NOTE | ||||
r-oldrel-windows-ix86+x86_64 | 0.1.15 | 18.00 | 164.00 | 182.00 | OK |
Version: 0.1.15
Check: package dependencies
Result: NOTE
Package suggested but not available for checking: 'flare'
Flavors: r-devel-linux-x86_64-debian-clang, r-devel-linux-x86_64-debian-gcc, r-devel-linux-x86_64-fedora-clang, r-devel-linux-x86_64-fedora-gcc, r-patched-linux-x86_64, r-patched-solaris-x86, r-release-linux-x86_64, r-release-macos-x86_64
Version: 0.1.15
Check: dependencies in R code
Result: NOTE
Namespaces in Imports field not imported from:
‘MASS’ ‘lars’ ‘methods’ ‘parallel’ ‘smoothmest’
All declared Imports should be used.
Flavors: r-devel-linux-x86_64-fedora-clang, r-devel-linux-x86_64-fedora-gcc, r-patched-solaris-x86, r-release-macos-x86_64, r-oldrel-macos-x86_64