CRAN Package Check Results for Package mcheatmaps

Last updated on 2020-08-19 01:50:06 CEST.

Flavor Version Tinstall Tcheck Ttotal Status Flags
r-devel-linux-x86_64-debian-clang 1.0.0 2.63 26.83 29.46 NOTE
r-devel-linux-x86_64-debian-gcc 1.0.0 2.15 20.76 22.91 NOTE
r-devel-linux-x86_64-fedora-clang 1.0.0 44.92 NOTE
r-devel-linux-x86_64-fedora-gcc 1.0.0 34.21 NOTE
r-devel-windows-ix86+x86_64 1.0.0 8.00 44.00 52.00 NOTE
r-patched-linux-x86_64 1.0.0 2.87 26.15 29.02 NOTE
r-patched-solaris-x86 1.0.0 50.00 NOTE
r-release-linux-x86_64 1.0.0 2.68 26.78 29.46 NOTE
r-release-macos-x86_64 1.0.0 NOTE
r-release-windows-ix86+x86_64 1.0.0 8.00 37.00 45.00 NOTE
r-oldrel-macos-x86_64 1.0.0 NOTE
r-oldrel-windows-ix86+x86_64 1.0.0 5.00 49.00 54.00 NOTE

Check Details

Version: 1.0.0
Check: R code for possible problems
Result: NOTE
    mcheatmaps : coscolorFun: no visible global function definition for
     'rgb'
    mcheatmaps : halfcmat: no visible global function definition for
     'order.dendrogram'
    mcheatmaps : fullcmat: no visible global function definition for
     'order.dendrogram'
    mcheatmaps : calculateDendrogram: no visible global function definition
     for 'hclust'
    mcheatmaps : calculateDendrogram: no visible global function definition
     for 'as.dist'
    mcheatmaps : calculateDendrogram: no visible global function definition
     for 'sd'
    mcheatmaps : calculateDendrogram: no visible global function definition
     for 'cophenetic'
    mcheatmaps : printDiag: no visible global function definition for
     'order.dendrogram'
    mcheatmaps: no visible global function definition for 'strwidth'
    mcheatmaps: no visible global function definition for 'pdf'
    mcheatmaps: no visible global function definition for 'plot.new'
    mcheatmaps: no visible global function definition for 'as.dendrogram'
    mcheatmaps: no visible global function definition for 'reorder'
    mcheatmaps: no visible global function definition for 'par'
    mcheatmaps: no visible global function definition for
     'order.dendrogram'
    mcheatmaps: no visible global function definition for 'heat.colors'
    mcheatmaps: no visible global function definition for 'terrain.colors'
    mcheatmaps: no visible global function definition for 'as.dist'
    mcheatmaps: no visible global function definition for 'dev.off'
    Undefined global functions or variables:
     as.dendrogram as.dist cophenetic dev.off hclust heat.colors
     order.dendrogram par pdf plot.new reorder rgb sd strwidth
     terrain.colors
    Consider adding
     importFrom("grDevices", "dev.off", "heat.colors", "pdf", "rgb",
     "terrain.colors")
     importFrom("graphics", "par", "plot.new", "strwidth")
     importFrom("stats", "as.dendrogram", "as.dist", "cophenetic", "hclust",
     "order.dendrogram", "reorder", "sd")
    to your NAMESPACE file.
Flavors: r-devel-linux-x86_64-debian-clang, r-devel-linux-x86_64-debian-gcc, r-devel-linux-x86_64-fedora-clang, r-devel-linux-x86_64-fedora-gcc, r-devel-windows-ix86+x86_64, r-patched-linux-x86_64, r-patched-solaris-x86, r-release-linux-x86_64, r-release-macos-x86_64, r-release-windows-ix86+x86_64

Version: 1.0.0
Check: for non-standard things in the check directory
Result: NOTE
    Found the following files/directories:
     'CarStats.pdf' 'CarStats_labels.pdf'
Flavors: r-devel-linux-x86_64-debian-clang, r-devel-linux-x86_64-debian-gcc, r-devel-linux-x86_64-fedora-clang, r-devel-linux-x86_64-fedora-gcc, r-patched-linux-x86_64, r-patched-solaris-x86, r-release-linux-x86_64

Version: 1.0.0
Check: R code for possible problems
Result: NOTE
    mcheatmaps : coscolorFun: no visible global function definition for
     ‘rgb’
    mcheatmaps : halfcmat: no visible global function definition for
     ‘order.dendrogram’
    mcheatmaps : fullcmat: no visible global function definition for
     ‘order.dendrogram’
    mcheatmaps : calculateDendrogram: no visible global function definition
     for ‘hclust’
    mcheatmaps : calculateDendrogram: no visible global function definition
     for ‘as.dist’
    mcheatmaps : calculateDendrogram: no visible global function definition
     for ‘sd’
    mcheatmaps : calculateDendrogram: no visible global function definition
     for ‘cophenetic’
    mcheatmaps : printDiag: no visible global function definition for
     ‘order.dendrogram’
    mcheatmaps: no visible global function definition for ‘strwidth’
    mcheatmaps: no visible global function definition for ‘pdf’
    mcheatmaps: no visible global function definition for ‘plot.new’
    mcheatmaps: no visible global function definition for ‘as.dendrogram’
    mcheatmaps: no visible global function definition for ‘reorder’
    mcheatmaps: no visible global function definition for ‘par’
    mcheatmaps: no visible global function definition for ‘plot’
    mcheatmaps: no visible global function definition for
     ‘order.dendrogram’
    mcheatmaps: no visible global function definition for ‘heat.colors’
    mcheatmaps: no visible global function definition for ‘terrain.colors’
    mcheatmaps: no visible global function definition for ‘as.dist’
    mcheatmaps: no visible global function definition for ‘dev.off’
    Undefined global functions or variables:
     as.dendrogram as.dist cophenetic dev.off hclust heat.colors
     order.dendrogram par pdf plot plot.new reorder rgb sd strwidth
     terrain.colors
    Consider adding
     importFrom("grDevices", "dev.off", "heat.colors", "pdf", "rgb",
     "terrain.colors")
     importFrom("graphics", "par", "plot", "plot.new", "strwidth")
     importFrom("stats", "as.dendrogram", "as.dist", "cophenetic", "hclust",
     "order.dendrogram", "reorder", "sd")
    to your NAMESPACE file.
Flavors: r-oldrel-macos-x86_64, r-oldrel-windows-ix86+x86_64