CRAN Package Check Results for Package mdpeer

Last updated on 2020-08-19 01:50:06 CEST.

Flavor Version Tinstall Tcheck Ttotal Status Flags
r-devel-linux-x86_64-debian-clang 1.0.1 5.42 59.30 64.72 OK
r-devel-linux-x86_64-debian-gcc 1.0.1 4.55 45.53 50.08 OK
r-devel-linux-x86_64-fedora-clang 1.0.1 83.85 NOTE
r-devel-linux-x86_64-fedora-gcc 1.0.1 74.04 NOTE
r-devel-windows-ix86+x86_64 1.0.1 24.00 85.00 109.00 OK
r-patched-linux-x86_64 1.0.1 5.41 56.70 62.11 OK
r-patched-solaris-x86 1.0.1 109.30 NOTE
r-release-linux-x86_64 1.0.1 5.94 56.40 62.34 OK
r-release-macos-x86_64 1.0.1 NOTE
r-release-windows-ix86+x86_64 1.0.1 23.00 66.00 89.00 OK
r-oldrel-macos-x86_64 1.0.1 NOTE
r-oldrel-windows-ix86+x86_64 1.0.1 11.00 104.00 115.00 OK

Check Details

Version: 1.0.1
Check: dependencies in R code
Result: NOTE
    Namespace in Imports field not imported from: ‘glmnet’
     All declared Imports should be used.
Flavors: r-devel-linux-x86_64-fedora-clang, r-devel-linux-x86_64-fedora-gcc, r-patched-solaris-x86, r-release-macos-x86_64, r-oldrel-macos-x86_64