Last updated on 2020-08-19 01:50:06 CEST.
Flavor | Version | Tinstall | Tcheck | Ttotal | Status | Flags |
---|---|---|---|---|---|---|
r-devel-linux-x86_64-debian-clang | 0.99.25.6 | 42.43 | 161.21 | 203.64 | OK | |
r-devel-linux-x86_64-debian-gcc | 0.99.25.6 | 29.54 | 118.95 | 148.49 | OK | |
r-devel-linux-x86_64-fedora-clang | 0.99.25.6 | 238.97 | NOTE | |||
r-devel-linux-x86_64-fedora-gcc | 0.99.25.6 | 230.64 | OK | |||
r-devel-windows-ix86+x86_64 | 0.99.25.6 | 81.00 | 225.00 | 306.00 | NOTE | |
r-patched-linux-x86_64 | 0.99.25.6 | 30.85 | 157.00 | 187.85 | OK | |
r-patched-solaris-x86 | 0.99.25.6 | 274.50 | NOTE | |||
r-release-linux-x86_64 | 0.99.25.6 | 33.86 | 159.73 | 193.59 | OK | |
r-release-macos-x86_64 | 0.99.25.6 | NOTE | ||||
r-release-windows-ix86+x86_64 | 0.99.25.6 | 79.00 | 189.00 | 268.00 | NOTE | |
r-oldrel-macos-x86_64 | 0.99.25.6 | NOTE | ||||
r-oldrel-windows-ix86+x86_64 | 0.99.25.6 | 57.00 | 207.00 | 264.00 | NOTE |
Version: 0.99.25.6
Check: installed package size
Result: NOTE
installed size is 5.4Mb
sub-directories of 1Mb or more:
R 1.3Mb
doc 3.1Mb
Flavors: r-devel-linux-x86_64-fedora-clang, r-devel-windows-ix86+x86_64, r-patched-solaris-x86, r-release-macos-x86_64, r-release-windows-ix86+x86_64, r-oldrel-macos-x86_64, r-oldrel-windows-ix86+x86_64