Last updated on 2020-08-19 01:50:06 CEST.
Flavor | Version | Tinstall | Tcheck | Ttotal | Status | Flags |
---|---|---|---|---|---|---|
r-devel-linux-x86_64-debian-clang | 3.10-28 | 154.16 | 130.74 | 284.90 | OK | |
r-devel-linux-x86_64-debian-gcc | 3.10-28 | 117.15 | 96.47 | 213.62 | OK | |
r-devel-linux-x86_64-fedora-clang | 3.10-28 | 387.49 | NOTE | |||
r-devel-linux-x86_64-fedora-gcc | 3.10-28 | 333.72 | OK | |||
r-devel-windows-ix86+x86_64 | 3.10-28 | 385.00 | 212.00 | 597.00 | OK | |
r-patched-linux-x86_64 | 3.10-28 | 127.05 | 127.08 | 254.13 | OK | |
r-patched-solaris-x86 | 3.10-28 | 337.10 | OK | |||
r-release-linux-x86_64 | 3.10-28 | 119.19 | 128.32 | 247.51 | OK | |
r-release-macos-x86_64 | 3.10-28 | NOTE | ||||
r-release-windows-ix86+x86_64 | 3.10-28 | 377.00 | 187.00 | 564.00 | OK | |
r-oldrel-macos-x86_64 | 3.10-28 | NOTE | ||||
r-oldrel-windows-ix86+x86_64 | 3.10-28 | 265.00 | 182.00 | 447.00 | OK |
Version: 3.10-28
Check: installed package size
Result: NOTE
installed size is 8.5Mb
sub-directories of 1Mb or more:
libs 6.9Mb
Flavors: r-devel-linux-x86_64-fedora-clang, r-release-macos-x86_64, r-oldrel-macos-x86_64