Last updated on 2020-08-19 01:50:06 CEST.
Flavor | Version | Tinstall | Tcheck | Ttotal | Status | Flags |
---|---|---|---|---|---|---|
r-devel-linux-x86_64-debian-clang | 2.0.13 | 6.86 | 104.68 | 111.54 | OK | |
r-devel-linux-x86_64-debian-gcc | 2.0.13 | 6.42 | 75.67 | 82.09 | OK | |
r-devel-linux-x86_64-fedora-clang | 2.0.13 | 139.27 | NOTE | |||
r-devel-linux-x86_64-fedora-gcc | 2.0.13 | 125.90 | NOTE | |||
r-devel-windows-ix86+x86_64 | 2.0.13 | 18.00 | 121.00 | 139.00 | OK | |
r-patched-linux-x86_64 | 2.0.13 | 7.56 | 99.19 | 106.75 | OK | |
r-patched-solaris-x86 | 2.0.13 | 181.40 | NOTE | |||
r-release-linux-x86_64 | 2.0.13 | 7.54 | 99.52 | 107.06 | OK | |
r-release-macos-x86_64 | 2.0.13 | NOTE | ||||
r-release-windows-ix86+x86_64 | 2.0.13 | 15.00 | 100.00 | 115.00 | OK | |
r-oldrel-macos-x86_64 | 2.0.13 | NOTE | ||||
r-oldrel-windows-ix86+x86_64 | 2.0.13 | 10.00 | 142.00 | 152.00 | OK |
Version: 2.0.13
Check: dependencies in R code
Result: NOTE
Namespace in Imports field not imported from: ‘MASS’
All declared Imports should be used.
Flavors: r-devel-linux-x86_64-fedora-clang, r-devel-linux-x86_64-fedora-gcc, r-patched-solaris-x86, r-release-macos-x86_64, r-oldrel-macos-x86_64