Last updated on 2020-08-19 01:50:07 CEST.
Flavor | Version | Tinstall | Tcheck | Ttotal | Status | Flags |
---|---|---|---|---|---|---|
r-devel-linux-x86_64-debian-clang | 0.3.6 | 27.80 | 331.26 | 359.06 | OK | |
r-devel-linux-x86_64-debian-gcc | 0.3.6 | 22.34 | 246.36 | 268.70 | OK | |
r-devel-linux-x86_64-fedora-clang | 0.3.6 | 430.36 | OK | |||
r-devel-linux-x86_64-fedora-gcc | 0.3.6 | 420.55 | OK | |||
r-devel-windows-ix86+x86_64 | 0.3.6 | 65.00 | 452.00 | 517.00 | OK | |
r-patched-linux-x86_64 | 0.3.6 | 30.64 | 322.07 | 352.71 | OK | |
r-patched-solaris-x86 | 0.3.6 | 549.60 | NOTE | |||
r-release-linux-x86_64 | 0.3.6 | 28.48 | 325.19 | 353.67 | OK | |
r-release-macos-x86_64 | 0.3.6 | OK | ||||
r-release-windows-ix86+x86_64 | 0.3.6 | 62.00 | 335.00 | 397.00 | OK | |
r-oldrel-macos-x86_64 | 0.3.6 | OK | ||||
r-oldrel-windows-ix86+x86_64 | 0.3.6 | 38.00 | 370.00 | 408.00 | OK |
Version: 0.3.6
Check: package dependencies
Result: NOTE
Package suggested but not available for checking: ‘FSelector’
Flavor: r-patched-solaris-x86