Last updated on 2020-08-19 01:50:07 CEST.
Flavor | Version | Tinstall | Tcheck | Ttotal | Status | Flags |
---|---|---|---|---|---|---|
r-devel-linux-x86_64-debian-clang | 1.0.0 | 3.74 | 18.56 | 22.30 | OK | |
r-devel-linux-x86_64-debian-gcc | 1.0.0 | 2.72 | 15.03 | 17.75 | OK | |
r-devel-linux-x86_64-fedora-clang | 1.0.0 | 34.78 | NOTE | |||
r-devel-linux-x86_64-fedora-gcc | 1.0.0 | 24.18 | NOTE | |||
r-devel-windows-ix86+x86_64 | 1.0.0 | 15.00 | 41.00 | 56.00 | NOTE | |
r-patched-linux-x86_64 | 1.0.0 | 4.01 | 18.70 | 22.71 | OK | |
r-patched-solaris-x86 | 1.0.0 | 46.30 | NOTE | |||
r-release-linux-x86_64 | 1.0.0 | 3.17 | 18.72 | 21.89 | OK | |
r-release-macos-x86_64 | 1.0.0 | NOTE | ||||
r-release-windows-ix86+x86_64 | 1.0.0 | 13.00 | 28.00 | 41.00 | NOTE | |
r-oldrel-macos-x86_64 | 1.0.0 | NOTE | ||||
r-oldrel-windows-ix86+x86_64 | 1.0.0 | 9.00 | 30.00 | 39.00 | NOTE |
Version: 1.0.0
Check: installed package size
Result: NOTE
installed size is 15.7Mb
sub-directories of 1Mb or more:
images 1.1Mb
shiny 14.5Mb
Flavors: r-devel-linux-x86_64-fedora-clang, r-devel-windows-ix86+x86_64, r-patched-solaris-x86, r-release-macos-x86_64, r-release-windows-ix86+x86_64, r-oldrel-macos-x86_64, r-oldrel-windows-ix86+x86_64
Version: 1.0.0
Check: dependencies in R code
Result: NOTE
Namespaces in Imports field not imported from:
‘Cairo’ ‘DT’ ‘XML’ ‘caTools’ ‘data.table’ ‘dplyr’ ‘ggplot2’
‘htmltools’ ‘leaflet’ ‘lubridate’ ‘plotly’ ‘shinyjs’ ‘stringr’ ‘xts’
‘zoo’
All declared Imports should be used.
Flavors: r-devel-linux-x86_64-fedora-clang, r-devel-linux-x86_64-fedora-gcc, r-patched-solaris-x86, r-release-macos-x86_64, r-oldrel-macos-x86_64