Last updated on 2020-08-19 01:50:07 CEST.
Flavor | Version | Tinstall | Tcheck | Ttotal | Status | Flags |
---|---|---|---|---|---|---|
r-devel-linux-x86_64-debian-clang | 0.1.0 | 3.14 | 33.29 | 36.43 | OK | |
r-devel-linux-x86_64-debian-gcc | 0.1.0 | 2.51 | 25.22 | 27.73 | OK | |
r-devel-linux-x86_64-fedora-clang | 0.1.0 | 52.76 | NOTE | |||
r-devel-linux-x86_64-fedora-gcc | 0.1.0 | 44.05 | NOTE | |||
r-devel-windows-ix86+x86_64 | 0.1.0 | 10.00 | 55.00 | 65.00 | OK | |
r-patched-linux-x86_64 | 0.1.0 | 3.52 | 33.13 | 36.65 | OK | |
r-patched-solaris-x86 | 0.1.0 | 64.10 | NOTE | |||
r-release-linux-x86_64 | 0.1.0 | 2.88 | 32.82 | 35.70 | OK | |
r-release-macos-x86_64 | 0.1.0 | ERROR | ||||
r-release-windows-ix86+x86_64 | 0.1.0 | 10.00 | 45.00 | 55.00 | OK | |
r-oldrel-macos-x86_64 | 0.1.0 | ERROR | ||||
r-oldrel-windows-ix86+x86_64 | 0.1.0 | 6.00 | 56.00 | 62.00 | OK |
Version: 0.1.0
Check: dependencies in R code
Result: NOTE
Namespaces in Imports field not imported from:
‘Rmisc’ ‘amap’ ‘fields’ ‘matrixStats’ ‘mco’ ‘miscTools’ ‘plyr’
‘reshape2’
All declared Imports should be used.
Flavors: r-devel-linux-x86_64-fedora-clang, r-devel-linux-x86_64-fedora-gcc, r-patched-solaris-x86
Version: 0.1.0
Check: package dependencies
Result: ERROR
Package required but not available: ‘doMPI’
See section ‘The DESCRIPTION file’ in the ‘Writing R Extensions’
manual.
Flavors: r-release-macos-x86_64, r-oldrel-macos-x86_64