Last updated on 2020-08-19 01:50:07 CEST.
Flavor | Version | Tinstall | Tcheck | Ttotal | Status | Flags |
---|---|---|---|---|---|---|
r-devel-linux-x86_64-debian-clang | 0.1.8 | 5.45 | 55.55 | 61.00 | OK | |
r-devel-linux-x86_64-debian-gcc | 0.1.8 | 3.66 | 41.64 | 45.30 | OK | |
r-devel-linux-x86_64-fedora-clang | 0.1.8 | 81.47 | NOTE | |||
r-devel-linux-x86_64-fedora-gcc | 0.1.8 | 69.64 | OK | |||
r-devel-windows-ix86+x86_64 | 0.1.8 | 22.00 | 98.00 | 120.00 | OK | |
r-patched-linux-x86_64 | 0.1.8 | 5.05 | 55.10 | 60.15 | OK | |
r-patched-solaris-x86 | 0.1.8 | 104.70 | OK | |||
r-release-linux-x86_64 | 0.1.8 | 4.60 | 58.26 | 62.86 | OK | |
r-release-macos-x86_64 | 0.1.8 | OK | ||||
r-release-windows-ix86+x86_64 | 0.1.8 | 16.00 | 63.00 | 79.00 | OK | |
r-oldrel-macos-x86_64 | 0.1.8 | OK | ||||
r-oldrel-windows-ix86+x86_64 | 0.1.8 | 11.00 | 68.00 | 79.00 | OK |
Version: 0.1.8
Check: Rd cross-references
Result: NOTE
Undeclared packages ‘lme4’, ‘rstanarm’, ‘dplyr’ in Rd xrefs
Flavor: r-devel-linux-x86_64-fedora-clang