CRAN Package Check Results for Package modelwordcloud

Last updated on 2020-08-19 01:50:07 CEST.

Flavor Version Tinstall Tcheck Ttotal Status Flags
r-devel-linux-x86_64-debian-clang 0.1 1.97 22.32 24.29 OK
r-devel-linux-x86_64-debian-gcc 0.1 1.47 17.60 19.07 OK
r-devel-linux-x86_64-fedora-clang 0.1 38.10 NOTE
r-devel-linux-x86_64-fedora-gcc 0.1 28.88 NOTE
r-devel-windows-ix86+x86_64 0.1 8.00 46.00 54.00 OK
r-patched-linux-x86_64 0.1 1.80 22.81 24.61 OK
r-patched-solaris-x86 0.1 49.10 NOTE
r-release-linux-x86_64 0.1 1.93 23.09 25.02 OK
r-release-macos-x86_64 0.1 NOTE
r-release-windows-ix86+x86_64 0.1 7.00 34.00 41.00 OK
r-oldrel-macos-x86_64 0.1 NOTE
r-oldrel-windows-ix86+x86_64 0.1 4.00 46.00 50.00 OK

Check Details

Version: 0.1
Check: dependencies in R code
Result: NOTE
    Namespace in Imports field not imported from: ‘methods’
     All declared Imports should be used.
Flavors: r-devel-linux-x86_64-fedora-clang, r-devel-linux-x86_64-fedora-gcc, r-patched-solaris-x86, r-release-macos-x86_64, r-oldrel-macos-x86_64