Last updated on 2020-08-19 01:50:07 CEST.
Flavor | Version | Tinstall | Tcheck | Ttotal | Status | Flags |
---|---|---|---|---|---|---|
r-devel-linux-x86_64-debian-clang | 2.2.0 | 46.95 | 27.08 | 74.03 | OK | |
r-devel-linux-x86_64-debian-gcc | 2.2.0 | 33.03 | 21.83 | 54.86 | OK | |
r-devel-linux-x86_64-fedora-clang | 2.2.0 | 97.97 | OK | |||
r-devel-linux-x86_64-fedora-gcc | 2.2.0 | 86.16 | OK | |||
r-devel-windows-ix86+x86_64 | 2.2.0 | 538.00 | 94.00 | 632.00 | NOTE | |
r-patched-linux-x86_64 | 2.2.0 | 36.83 | 27.30 | 64.13 | OK | |
r-patched-solaris-x86 | 2.2.0 | 141.90 | ERROR | |||
r-release-linux-x86_64 | 2.2.0 | 34.58 | 27.61 | 62.19 | OK | |
r-release-macos-x86_64 | 2.2.0 | OK | ||||
r-release-windows-ix86+x86_64 | 2.2.0 | 520.00 | 86.00 | 606.00 | NOTE | |
r-oldrel-macos-x86_64 | 2.2.0 | OK | ||||
r-oldrel-windows-ix86+x86_64 | 2.2.0 | 340.00 | 101.00 | 441.00 | NOTE |
Version: 2.2.0
Check: installed package size
Result: NOTE
installed size is 7.2Mb
sub-directories of 1Mb or more:
libs 7.0Mb
Flavors: r-devel-windows-ix86+x86_64, r-release-windows-ix86+x86_64, r-oldrel-windows-ix86+x86_64
Version: 2.2.0
Check: examples
Result: ERROR
Running examples in ‘mongolite-Ex.R’ failed
The error most likely occurred in:
> ### Name: gridfs
> ### Title: GridFS API
> ### Aliases: gridfs
>
> ### ** Examples
>
> # Upload a file to GridFS
> fs <- gridfs(url = "mongodb+srv://readwrite:test@cluster0-84vdt.mongodb.net/test")
Error: No suitable servers found (`serverSelectionTryOnce` set): [TLS handshake failed: error:14090086:SSL routines:ssl3_get_server_certificate:certificate verify failed calling ismaster on 'cluster0-shard-00-02-84vdt.mongodb.net:27017'] [TLS handshake failed: error:14090086:SSL routines:ssl3_get_server_certificate:certificate verify failed calling ismaster on 'cluster0-shard-00-00-84vdt.mongodb.net:27017'] [TLS handshake failed: error:14090086:SSL routines:ssl3_get_server_certificate:certificate verify f
Execution halted
Flavor: r-patched-solaris-x86