Last updated on 2020-08-19 01:50:07 CEST.
Flavor | Version | Tinstall | Tcheck | Ttotal | Status | Flags |
---|---|---|---|---|---|---|
r-devel-linux-x86_64-debian-clang | 0.2.0 | 2.96 | 25.61 | 28.57 | OK | |
r-devel-linux-x86_64-debian-gcc | 0.2.0 | 2.33 | 20.51 | 22.84 | OK | |
r-devel-linux-x86_64-fedora-clang | 0.2.0 | 43.16 | NOTE | |||
r-devel-linux-x86_64-fedora-gcc | 0.2.0 | 34.07 | NOTE | |||
r-devel-windows-ix86+x86_64 | 0.2.0 | 14.00 | 49.00 | 63.00 | OK | |
r-patched-linux-x86_64 | 0.2.0 | 3.08 | 25.87 | 28.95 | OK | |
r-patched-solaris-x86 | 0.2.0 | 55.00 | NOTE | |||
r-release-linux-x86_64 | 0.2.0 | 3.07 | 26.11 | 29.18 | OK | |
r-release-macos-x86_64 | 0.2.0 | NOTE | ||||
r-release-windows-ix86+x86_64 | 0.2.0 | 12.00 | 36.00 | 48.00 | OK | |
r-oldrel-macos-x86_64 | 0.2.0 | NOTE | ||||
r-oldrel-windows-ix86+x86_64 | 0.2.0 | 6.00 | 49.00 | 55.00 | OK |
Version: 0.2.0
Check: dependencies in R code
Result: NOTE
Namespace in Imports field not imported from: ‘ratelimitr’
All declared Imports should be used.
Flavors: r-devel-linux-x86_64-fedora-clang, r-devel-linux-x86_64-fedora-gcc, r-patched-solaris-x86, r-release-macos-x86_64, r-oldrel-macos-x86_64