Last updated on 2020-08-19 01:50:07 CEST.
Flavor | Version | Tinstall | Tcheck | Ttotal | Status | Flags |
---|---|---|---|---|---|---|
r-devel-linux-x86_64-debian-clang | 1.7.0 | 33.89 | 376.94 | 410.83 | OK | |
r-devel-linux-x86_64-debian-gcc | 1.7.0 | 27.06 | 272.26 | 299.32 | OK | |
r-devel-linux-x86_64-fedora-clang | 1.7.0 | 457.61 | NOTE | |||
r-devel-linux-x86_64-fedora-gcc | 1.7.0 | 450.09 | OK | |||
r-devel-windows-ix86+x86_64 | 1.7.0 | 133.00 | 489.00 | 622.00 | OK | |
r-patched-linux-x86_64 | 1.7.0 | 26.46 | 347.00 | 373.46 | OK | |
r-patched-solaris-x86 | 1.7.0 | 600.10 | OK | |||
r-release-linux-x86_64 | 1.7.0 | 21.96 | 360.94 | 382.90 | OK | |
r-release-macos-x86_64 | 1.7.0 | OK | ||||
r-release-windows-ix86+x86_64 | 1.7.0 | 65.00 | 345.00 | 410.00 | OK | |
r-oldrel-macos-x86_64 | 1.7.0 | OK | ||||
r-oldrel-windows-ix86+x86_64 | 1.7.0 | 50.00 | 415.00 | 465.00 | OK |
Version: 1.7.0
Check: Rd cross-references
Result: NOTE
Undeclared package ‘cubature’ in Rd xrefs
Flavor: r-devel-linux-x86_64-fedora-clang