CRAN Package Check Results for Package motmot

Last updated on 2020-08-19 01:50:07 CEST.

Flavor Version Tinstall Tcheck Ttotal Status Flags
r-devel-linux-x86_64-debian-clang 2.1.3 20.29 253.30 273.59 OK
r-devel-linux-x86_64-debian-gcc 2.1.3 16.91 181.63 198.54 OK
r-devel-linux-x86_64-fedora-clang 2.1.3 319.42 OK
r-devel-linux-x86_64-fedora-gcc 2.1.3 304.39 OK
r-devel-windows-ix86+x86_64 2.1.3 48.00 375.00 423.00 OK
r-patched-linux-x86_64 2.1.3 18.64 242.09 260.73 OK
r-patched-solaris-x86 2.1.3 381.40 OK
r-release-linux-x86_64 2.1.3 17.38 238.28 255.66 OK
r-release-macos-x86_64 2.1.3 OK
r-release-windows-ix86+x86_64 2.1.3 45.00 287.00 332.00 OK
r-oldrel-macos-x86_64 2.1.3 OK
r-oldrel-windows-ix86+x86_64 2.1.3 35.00 359.00 394.00 NOTE

Check Details

Version: 2.1.3
Check: installed package size
Result: NOTE
     installed size is 5.4Mb
     sub-directories of 1Mb or more:
     doc 3.8Mb
     libs 1.1Mb
Flavor: r-oldrel-windows-ix86+x86_64