Last updated on 2020-08-19 01:50:07 CEST.
Flavor | Version | Tinstall | Tcheck | Ttotal | Status | Flags |
---|---|---|---|---|---|---|
r-devel-linux-x86_64-debian-clang | 0.2.0 | 350.26 | 307.65 | 657.91 | NOTE | |
r-devel-linux-x86_64-debian-gcc | 0.2.0 | 322.09 | 219.08 | 541.17 | NOTE | |
r-devel-linux-x86_64-fedora-clang | 0.2.0 | 818.62 | NOTE | |||
r-devel-linux-x86_64-fedora-gcc | 0.2.0 | 881.08 | NOTE | |||
r-devel-windows-ix86+x86_64 | 0.2.0 | 833.00 | 562.00 | 1395.00 | NOTE | |
r-patched-linux-x86_64 | 0.2.0 | 364.24 | 289.93 | 654.17 | NOTE | |
r-patched-solaris-x86 | 0.2.0 | 942.80 | NOTE | |||
r-release-linux-x86_64 | 0.2.0 | 355.74 | 290.12 | 645.86 | NOTE | |
r-release-macos-x86_64 | 0.2.0 | NOTE | ||||
r-release-windows-ix86+x86_64 | 0.2.0 | 829.00 | 422.00 | 1251.00 | NOTE | |
r-oldrel-macos-x86_64 | 0.2.0 | NOTE | ||||
r-oldrel-windows-ix86+x86_64 | 0.2.0 | 580.00 | 571.00 | 1151.00 | NOTE |
Version: 0.2.0
Check: for GNU extensions in Makefiles
Result: NOTE
GNU make is a SystemRequirements.
Flavors: r-devel-linux-x86_64-debian-clang, r-devel-linux-x86_64-debian-gcc, r-devel-linux-x86_64-fedora-clang, r-devel-linux-x86_64-fedora-gcc, r-devel-windows-ix86+x86_64, r-patched-linux-x86_64, r-patched-solaris-x86, r-release-linux-x86_64, r-release-macos-x86_64, r-release-windows-ix86+x86_64, r-oldrel-macos-x86_64, r-oldrel-windows-ix86+x86_64
Version: 0.2.0
Check: installed package size
Result: NOTE
installed size is 65.0Mb
sub-directories of 1Mb or more:
libs 64.7Mb
Flavors: r-devel-linux-x86_64-fedora-clang, r-devel-windows-ix86+x86_64, r-release-macos-x86_64, r-release-windows-ix86+x86_64, r-oldrel-macos-x86_64, r-oldrel-windows-ix86+x86_64
Version: 0.2.0
Check: dependencies in R code
Result: NOTE
Namespace in Imports field not imported from: ‘rstantools’
All declared Imports should be used.
Flavors: r-devel-linux-x86_64-fedora-clang, r-devel-linux-x86_64-fedora-gcc, r-patched-solaris-x86, r-release-macos-x86_64, r-oldrel-macos-x86_64