CRAN Package Check Results for Package mscstts

Last updated on 2020-08-19 01:50:07 CEST.

Flavor Version Tinstall Tcheck Ttotal Status Flags
r-devel-linux-x86_64-debian-clang 0.5.6 2.57 26.68 29.25 OK
r-devel-linux-x86_64-debian-gcc 0.5.6 1.90 21.26 23.16 OK
r-devel-linux-x86_64-fedora-clang 0.5.6 42.96 OK
r-devel-linux-x86_64-fedora-gcc 0.5.6 33.78 OK
r-devel-windows-ix86+x86_64 0.5.6 9.00 51.00 60.00 OK
r-patched-linux-x86_64 0.5.6 2.29 26.70 28.99 OK
r-patched-solaris-x86 0.5.6 54.90 OK
r-release-linux-x86_64 0.5.6 2.33 26.29 28.62 OK
r-release-macos-x86_64 0.5.6 OK
r-release-windows-ix86+x86_64 0.5.6 9.00 54.00 63.00 OK
r-oldrel-macos-x86_64 0.5.6 OK
r-oldrel-windows-ix86+x86_64 0.5.5 4.00 32.00 36.00 ERROR

Check Details

Version: 0.5.5
Check: tests
Result: ERROR
     Running 'testthat.R' [4s]
    Running the tests in 'tests/testthat.R' failed.
    Complete output:
     > library(testthat)
     > library(mscstts)
     > library(tuneR)
     >
     > test_check("mscstts")
     -- 1. Failure: Check locales are equal to ms_locales (@test-locales.R#31) -----
     sort(unique(sub_tab$language)) not equal to sort(unique(df$language)).
     1/49 mismatches
     x[6]: "Chinese (Mandarin, Simplified)"
     y[6]: "Chinese (Mandarin, simplified)"
    
     == testthat results ===========================================================
     [ OK: 5 | SKIPPED: 2 | WARNINGS: 0 | FAILED: 1 ]
     1. Failure: Check locales are equal to ms_locales (@test-locales.R#31)
    
     Error: testthat unit tests failed
     Execution halted
Flavor: r-oldrel-windows-ix86+x86_64