Last updated on 2020-08-19 01:50:07 CEST.
Flavor | Version | Tinstall | Tcheck | Ttotal | Status | Flags |
---|---|---|---|---|---|---|
r-devel-linux-x86_64-debian-clang | 1.2.6.1 | 8.25 | 56.86 | 65.11 | OK | |
r-devel-linux-x86_64-debian-gcc | 1.2.6.1 | 7.28 | 45.24 | 52.52 | OK | |
r-devel-linux-x86_64-fedora-clang | 1.2.6.1 | 87.35 | NOTE | |||
r-devel-linux-x86_64-fedora-gcc | 1.2.6.1 | 77.47 | NOTE | |||
r-devel-windows-ix86+x86_64 | 1.2.6.1 | 23.00 | 113.00 | 136.00 | OK | |
r-patched-linux-x86_64 | 1.2.6.1 | 7.11 | 55.26 | 62.37 | OK | |
r-patched-solaris-x86 | 1.2.6.1 | 120.50 | OK | |||
r-release-linux-x86_64 | 1.2.6.1 | 8.66 | 55.56 | 64.22 | OK | |
r-release-macos-x86_64 | 1.2.6.1 | OK | ||||
r-release-windows-ix86+x86_64 | 1.2.6.1 | 22.00 | 75.00 | 97.00 | OK | |
r-oldrel-macos-x86_64 | 1.2.6.1 | OK | ||||
r-oldrel-windows-ix86+x86_64 | 1.2.6.1 | 16.00 | 98.00 | 114.00 | OK |
Version: 1.2.6.1
Check: compiled code
Result: NOTE
File ‘muhaz/libs/muhaz.so’:
Found no calls to: ‘R_registerRoutines’, ‘R_useDynamicSymbols’
It is good practice to register native routines and to disable symbol
search.
See ‘Writing portable packages’ in the ‘Writing R Extensions’ manual.
Flavors: r-devel-linux-x86_64-fedora-clang, r-devel-linux-x86_64-fedora-gcc