CRAN Package Check Results for Package mvord

Last updated on 2020-08-19 01:50:07 CEST.

Flavor Version Tinstall Tcheck Ttotal Status Flags
r-devel-linux-x86_64-debian-clang 1.0.1 13.88 177.23 191.11 OK
r-devel-linux-x86_64-debian-gcc 1.0.1 12.47 133.93 146.40 OK
r-devel-linux-x86_64-fedora-clang 1.0.1 234.56 NOTE
r-devel-linux-x86_64-fedora-gcc 1.0.1 224.12 OK
r-devel-windows-ix86+x86_64 1.0.1 34.00 326.00 360.00 OK
r-patched-linux-x86_64 1.0.1 11.64 176.55 188.19 OK
r-patched-solaris-x86 1.0.1 305.80 OK
r-release-linux-x86_64 1.0.1 13.90 173.20 187.10 OK
r-release-macos-x86_64 1.0.1 OK
r-release-windows-ix86+x86_64 1.0.1 35.00 237.00 272.00 OK
r-oldrel-macos-x86_64 1.0.1 NOTE
r-oldrel-windows-ix86+x86_64 1.0.1 23.00 329.00 352.00 OK

Check Details

Version: 1.0.1
Check: Rd cross-references
Result: NOTE
    Undeclared package ‘VGAM’ in Rd xrefs
Flavor: r-devel-linux-x86_64-fedora-clang

Version: 1.0.1
Check: re-building of vignette outputs
Result: NOTE
    Error(s) in re-building vignettes:
    --- re-building ‘vignette_mvord2.Rmd’ using rmarkdown
    Warning in engine$weave(file, quiet = quiet, encoding = enc) :
     Pandoc (>= 1.12.3) and/or pandoc-citeproc not available. Falling back to R Markdown v1.
    Loading required package: minqa
    Loading required package: BB
    Loading required package: ucminf
    Loading required package: dfoptim
    --- finished re-building ‘vignette_mvord2.Rmd’
    
    --- re-building ‘vignette_mvord.Rnw’ using Sweave
    Loading required package: minqa
    Loading required package: BB
    Loading required package: ucminf
    Loading required package: dfoptim
    Error: processing vignette 'vignette_mvord.Rnw' failed with diagnostics:
    Running 'texi2dvi' on 'vignette_mvord.tex' failed.
    LaTeX errors:
    !pdfTeX error: pdflatex (file bbm10): Font bbm10 at 657 not found
     ==> Fatal error occurred, no output PDF file produced!
    --- failed re-building 'vignette_mvord.Rnw'
    
    SUMMARY: processing the following file failed:
     ‘vignette_mvord.Rnw’
    
    Error: Vignette re-building failed.
    Execution halted
Flavor: r-oldrel-macos-x86_64