Last updated on 2020-08-19 01:50:08 CEST.
Flavor | Version | Tinstall | Tcheck | Ttotal | Status | Flags |
---|---|---|---|---|---|---|
r-devel-linux-x86_64-debian-clang | 0.9.1 | 233.80 | 225.23 | 459.03 | OK | |
r-devel-linux-x86_64-debian-gcc | 0.9.1 | 202.34 | 169.64 | 371.98 | OK | |
r-devel-linux-x86_64-fedora-clang | 0.9.1 | 640.97 | NOTE | |||
r-devel-linux-x86_64-fedora-gcc | 0.9.1 | 597.06 | OK | |||
r-devel-windows-ix86+x86_64 | 0.9.1 | 486.00 | 316.00 | 802.00 | NOTE | |
r-patched-linux-x86_64 | 0.9.1 | 241.86 | 227.58 | 469.44 | OK | |
r-patched-solaris-x86 | 0.9.1 | 914.40 | NOTE | |||
r-release-linux-x86_64 | 0.9.1 | 246.01 | 227.35 | 473.36 | OK | |
r-release-macos-x86_64 | 0.9.1 | NOTE | ||||
r-release-windows-ix86+x86_64 | 0.9.1 | 485.00 | 242.00 | 727.00 | NOTE | |
r-oldrel-macos-x86_64 | 0.9.1 | NOTE | ||||
r-oldrel-windows-ix86+x86_64 | 0.9.1 | 358.00 | 283.00 | 641.00 | NOTE |
Version: 0.9.1
Check: installed package size
Result: NOTE
installed size is 34.1Mb
sub-directories of 1Mb or more:
CppCode 1.1Mb
R 6.1Mb
classic-bugs 1.6Mb
include 5.7Mb
libs 17.2Mb
tests 1.7Mb
Flavors: r-devel-linux-x86_64-fedora-clang, r-devel-windows-ix86+x86_64, r-patched-solaris-x86, r-release-macos-x86_64, r-release-windows-ix86+x86_64, r-oldrel-macos-x86_64, r-oldrel-windows-ix86+x86_64