CRAN Package Check Results for Package nlgeocoder

Last updated on 2020-08-19 01:50:08 CEST.

Flavor Version Tinstall Tcheck Ttotal Status Flags
r-devel-linux-x86_64-debian-clang 0.1.3 2.35 32.16 34.51 OK
r-devel-linux-x86_64-debian-gcc 0.1.3 1.63 25.51 27.14 OK
r-devel-linux-x86_64-fedora-clang 0.1.3 48.33 OK
r-devel-linux-x86_64-fedora-gcc 0.1.3 40.72 OK
r-devel-windows-ix86+x86_64 0.1.3 10.00 67.00 77.00 OK
r-patched-linux-x86_64 0.1.3 2.14 32.36 34.50 OK
r-patched-solaris-x86 0.1.3 65.00 WARN
r-release-linux-x86_64 0.1.3 2.12 31.86 33.98 OK
r-release-macos-x86_64 0.1.3 WARN
r-release-windows-ix86+x86_64 0.1.3 8.00 55.00 63.00 OK
r-oldrel-macos-x86_64 0.1.3 WARN
r-oldrel-windows-ix86+x86_64 0.1.3 5.00 57.00 62.00 OK

Check Details

Version: 0.1.3
Check: re-building of vignette outputs
Result: WARN
    Error(s) in re-building vignettes:
     ...
    --- re-building ‘geocode.Rmd’ using rmarkdown
    Warning in engine$weave(file, quiet = quiet, encoding = enc) :
     Pandoc (>= 1.12.3) and/or pandoc-citeproc not available. Falling back to R Markdown v1.
    Quitting from lines 127-133 (geocode.Rmd)
    Error: processing vignette 'geocode.Rmd' failed with diagnostics:
    there is no package called 'webshot'
    --- failed re-building ‘geocode.Rmd’
    
    SUMMARY: processing the following file failed:
     ‘geocode.Rmd’
    
    Error: Vignette re-building failed.
    Execution halted
Flavor: r-patched-solaris-x86

Version: 0.1.3
Check: re-building of vignette outputs
Result: WARN
    Error(s) in re-building vignettes:
     ...
    --- re-building ‘geocode.Rmd’ using rmarkdown
    Warning in engine$weave(file, quiet = quiet, encoding = enc) :
     Pandoc (>= 1.12.3) and/or pandoc-citeproc not available. Falling back to R Markdown v1.
    Quitting from lines 127-133 (geocode.Rmd)
    Error: processing vignette 'geocode.Rmd' failed with diagnostics:
    cannot open the connection
    --- failed re-building ‘geocode.Rmd’
    
    SUMMARY: processing the following file failed:
     ‘geocode.Rmd’
    
    Error: Vignette re-building failed.
    Execution halted
Flavors: r-release-macos-x86_64, r-oldrel-macos-x86_64