Last updated on 2020-08-19 01:50:08 CEST.
Flavor | Version | Tinstall | Tcheck | Ttotal | Status | Flags |
---|---|---|---|---|---|---|
r-devel-linux-x86_64-debian-clang | 1.0.9 | 8.77 | 71.74 | 80.51 | OK | |
r-devel-linux-x86_64-debian-gcc | 1.0.9 | 6.40 | 55.30 | 61.70 | OK | |
r-devel-linux-x86_64-fedora-clang | 1.0.9 | 104.31 | OK | |||
r-devel-linux-x86_64-fedora-gcc | 1.0.9 | 93.87 | OK | |||
r-devel-windows-ix86+x86_64 | 1.0.9 | 30.00 | 132.00 | 162.00 | WARN | |
r-patched-linux-x86_64 | 1.0.9 | 9.71 | 71.20 | 80.91 | OK | |
r-patched-solaris-x86 | 1.0.9 | 143.00 | OK | |||
r-release-linux-x86_64 | 1.0.9 | 8.01 | 70.01 | 78.02 | OK | |
r-release-macos-x86_64 | 1.0.9 | OK | ||||
r-release-windows-ix86+x86_64 | 1.0.9 | 25.00 | 82.00 | 107.00 | WARN | |
r-oldrel-macos-x86_64 | 1.0.9 | OK | ||||
r-oldrel-windows-ix86+x86_64 | 1.0.9 | 16.00 | 118.00 | 134.00 | WARN |
Version: 1.0.9
Check: whether package can be installed
Result: WARN
Found the following significant warnings:
Warning: namespace 'Rcpp' is not available and has been replaced
Flavors: r-devel-windows-ix86+x86_64, r-release-windows-ix86+x86_64, r-oldrel-windows-ix86+x86_64